 12. Give a(q).
4
Let o(k) = -k**2 + 2*k - 8. Let m(r) = 6*r**2 - 19*r + 51. Let b(q) = -m(q) - 5*o(q). Calculate b(0).
-11
Let b be 7 + 3 + -5 - 3. Let n(k) = -2*k**b + 0 + 38*k**3 + k - 39*k**3 - 3. Give n(-2).
-5
Let o(l) = 2*l + 10. Let y be -4 + (-63)/(-81) - (-4)/18. What is o(y)?
4
Let y be ((-42)/(-35) + (-17)/10)*-18. Let k(m) = m**3 - 11*m**2 + 17*m + 5. Determine k(y).
-4
Let d(h) = -h**3 + 5*h**2 + 4*h - 1. Suppose 65*b - 2*r + 6 = 62*b, -3*b = 2*r + 6. Give d(b).
19
Let a(t) = t**3 + 13*t - 13 - 15 + 12*t**2 + 35. Let y(p) = p**3 + p**2 - 11*p - 7. Let f be y(-4). Calculate a(f).
-15
Let u(a) be the second derivative of -a**6/120 - a**5/20 + 5*a**4/24 + 5*a**3/6 + 57*a**2/2 - 32*a - 1. Let x(c) be the first derivative of u(c). Give x(-4).
1
Let z = 813 + -821. Let m be (z - (-10 + 2))/7. Let i(q) = q - 23. Calculate i(m).
-23
Let g(u) = 7*u**3 + 13*u**2 - 5*u - 7. Let m(d) = 6*d**3 + 11*d**2 - 4*d - 6. Let w(s) = -5*g(s) + 6*m(s). Let k = 3 - 3. Calculate w(k).
-1
Let v(l) = l**3 - 18*l**2 - 40*l + 2. Let q = 1187 + -1167. Give v(q).
2
Let m(l) be the first derivative of -2*l**3/3 - 49*l**2/2 - 57*l - 3225. Determine m(-23).
12
Suppose -252 = -21*a + 84*a. Let i(l) = 31*l + 118. Give i(a).
-6
Let d be ((-228)/(-190))/((-4)/(-10)). Let m be (d/(-2))/(87/290). Let o(y) = y**2 - 5. Give o(m).
20
Suppose -5*b = -0*n - 4*n - 1, 4*n - 8 = -4*b. Let m(r) = 16*r**2 - 7 + 5 + n + r - 2*r. Calculate m(-1).
16
Let p(u) = u**2 - u - 13. Let z be 124/44 + 0 - (-6)/33. Suppose a + z = 3. Suppose 5*w + 1 = -y, -3*y = 2*w - a + 3. Determine p(w).
-13
Let m = 10238 + -10236. Let d(x) = 3*x**2 - 3*x + 1. Calculate d(m).
7
Let k = -29 + 24. Let a be k + 6 - 1*-2. Let l(w) = 271 - 9*w**2 - a*w**3 - 258 + 2*w**3 + w. Calculate l(-9).
4
Let s(l) = -7*l**3 + l**2. Suppose -3*y - 335 = 163. Let v = y + 165. Calculate s(v).
8
Let p(j) be the third derivative of 0*j + 11/2*j**3 + 267*j**2 + 0 - 1/24*j**4. Determine p(0).
33
Suppose -2*a = -5*u + 65, -5*u - 54 = 5*a - 154. Let j(s) be the second derivative of -s**2 + 0 + u*s + 7/6*s**3 - 1/12*s**4. Give j(5).
8
Let w(b) = -3*b - 1. Let i(m) = 3*m + 1. Let o(s) = -4*i(s) - 5*w(s). Suppose -v + h - 4 - 7 = 0, -3*v - 17 = h. Let f be (-12 - -11)*(1 + 1 + v). What is o(f)?
16
Let c(h) = -h + 19. Let d(w) = -83*w - 224. Let m be d(-3). Give c(m).
-6
Let c(z) be the third derivative of 3/8*z**4 + 0 + 229*z**2 + 0*z - 1/2*z**3. Calculate c(-4).
-39
Let t(x) = 1822 + 5*x - 15*x - 1815. Give t(-7).
77
Let w(s) = -30*s - 57. Let i be w(-2). Let k(q) = 2*q - 8. Determine k(i).
-2
Let b(j) be the second derivative of -j**5/20 + 5*j**4/12 - j**3/2 - 5*j**2/2 - 2*j. Suppose 8*f - 603 = -51. Let c = f + -65. Give b(c).
-1
Let d = -38 + 40. Let c(p) = -3 + 422*p**d + 9*p + 18 - 421*p**2 + p. Let u be c(-8). Let r(f) = -9*f**3 - 2*f**2 - f. Calculate r(u).
8
Suppose -c = 5*q + 12, c - 4*q = -3*c - 24. Suppose -10*x + 516 = -4*x. Let t(m) = -x + m + 44 + 45 + 0*m. Determine t(c).
-4
Let h(r) = -r**3 - 4*r**2 + 7*r - 2. Let c(z) = 2*z - 4*z**2 + 0*z**2 + 78 - 83 + 5*z**2. Let l be c(-2). Calculate h(l).
-12
Suppose -3*y - 3*l - 366 + 306 = 0, 35 = -2*y - l. Let h(o) = -o**2 - 16*o - 17. Determine h(y).
-2
Let d(s) = -7*s + 4. Let q(x) be the third derivative of 0 - 1/3*x**4 + 0*x - 15*x**2 + 1/2*x**3. Let o(n) = 3*d(n) - 2*q(n). Give o(4).
-14
Let d = 3104 + -3106. Let b(t) = 3*t + 5. Calculate b(d).
-1
Let l(u) = -7*u**2 - 8*u - 3. Let z(s) = s. Let i(j) = -l(j) - 5*z(j). Let g be i(-1). Let k(x) = g*x**2 + x**3 - 3 + x + 9 + 3 + 5*x. What is k(-6)?
9
Let c(h) = -h + 1. Let m(p) = p - 24. Let o(w) = 4*c(w) - m(w). What is o(7)?
-7
Let u(m) = m**3 + 7*m**2 + 13*m + 44. Let s be u(-6). Let q(r) be the second derivative of 8*r + r**3 + 1/20*r**5 + 0 + 1/2*r**4 - 3*r**s. Determine q(-5).
-11
Let a = -3665 - -3677. Let v(j) = j**3 - 13*j**2 + 12*j + 9. What is v(a)?
9
Let p(f) be the first derivative of f**4/4 + 2*f**3 - 7*f**2/2 - 2*f - 14. Let c(o) = o**3 - 27*o**2 + 74*o - 55. Let s be c(24). Calculate p(s).
-2
Let t(d) = -2 - 17*d**3 + 39*d**3 + 17*d + 372*d**2 - 390*d**2 - 21*d**3. Calculate t(17).
-2
Let x(r) = -r**3 + r**2 + r + 3. Let s(k) = k**2 + 3*k - 51. Let q(c) = 2*c**2 + 21*c + 40. Let l be q(-2). Let j be s(l). What is x(j)?
-12
Let z(t) be the first derivative of 11*t**2/2 - 7*t - 806. Give z(-5).
-62
Suppose -2*k = -263*v + 266*v + 12, 5*v + 33 = k. Let r(j) = -j**2. Give r(k).
-9
Let l(u) = 136*u - 273*u + 8*u**2 + 47*u**2 + 136*u. Determine l(1).
54
Let b(i) = 6*i**2 - 8*i + 4. Let k(j) = 18*j - 8 - 6268*j**2 - 3*j + 6257*j**2. Let u(z) = 5*b(z) + 3*k(z). Calculate u(3).
-16
Let f(m) = -36*m + 139. Let l(b) = -b**3 - 2*b**2 + b + 4. Let o be l(0). Let v be f(o). Let r(a) = -a**2 - 3*a - 2. What is r(v)?
-12
Let q(p) be the first derivative of -3*p**2/2 - 50*p - 1832. Determine q(-21).
13
Let o be (6 - -2)*(-12)/(-8). Let z be (14/o + -1)/((-13)/(-78)). Let i(u) = -7*u**2 + 1. Give i(z).
-6
Let w(i) = -229*i - 160*i + 7 - i**2 - 225*i + 633*i. Give w(7).
91
Let q = 620 + -616. Suppose 0 = q*x + 3*a + 9, 2*x - 5*a - 15 = 0. Let t(c) = -2*c**3 - c**2 + 2*c + 6. What is t(x)?
6
Let h(g) = g + 5. Let m be 1/(4/(-42))*((-16)/12 - -2). Determine h(m).
-2
Let c(f) = -5 - f**3 - 5*f**2 - 7 - 2*f + 14. Suppose 12 = -3*o, 0*u - 3*u + 3 = -3*o. Give c(u).
-10
Let k = 4 - 8. Suppose 15*m - 354 = 336. Let g(f) = -47*f - 2*f**2 - 1 + 87*f - m*f. Determine g(k).
-9
Let j(r) be the first derivative of r**4/4 - 7*r**3/3 + 3*r**2/2 + 4*r + 1. Let f be (-33 - -27)*(-63)/54. Determine j(f).
25
Suppose 728 = 7*p + 756. Let k(z) be the third derivative of z**7/1680 + z**6/360 + z**5/12 - 5*z**2. Let r(a) be the third derivative of k(a). Calculate r(p).
-10
Let a(b) = -11*b - 25. Let o = -5472 + 5468. Determine a(o).
19
Let k(y) = y**3 - 4*y**2 - 4*y + 5. Let o(t) = t - 6 - 30*t**2 + 3*t**3 + 18*t**2 + 10*t**2 - t**3. Let b be o(2). Calculate k(b).
-11
Let r(l) = -l - 2. Let q(a) = a**2 - a + 1. Let z(n) = -28*n**2 - 3*n + 3. Let p(u) = -5*q(u) + z(u). Let v be p(-2). Let w = -133 - v. What is r(w)?
-7
Suppose -44*u = -98*u + 378. Let z(q) be the third derivative of -q**5/60 + q**4/4 + 5*q**3/6 + 48*q**2. What is z(u)?
-2
Let c(h) = -h**3 - 9*h**2 - 3*h + 6. Suppose 4*p = i - 16 - 28, -5*p - 104 = -3*i. Suppose -4*m - 15 = 4*t + 9, 0 = -3*m + 2*t - i. Give c(m).
-34
Let q(r) = -4 + 2*r + 3 - 4*r - 2. Suppose 1 = 2*f - 1. Let v(p) = -4*p**3 - 2*p**2 + 2*p - 1. Let s be v(f). Determine q(s).
7
Let p(f) = -f - 7. Suppose 2*d + 3 = -k, 6*d - 3*k = 5*d + 9. Suppose -20*i + 17*i - 18 = d. Calculate p(i).
-1
Let y(z) = -z - 9. Let a be 1728/84 + 6/14. Suppose f = -3*g - 0*f + 11, 5*g + 3*f - a = 0. Suppose -37 = g*p - 22. Calculate y(p).
-4
Let z be (-8)/12 - 11/(-3). Let i be z*(10 - 9/3). Suppose -4*t - i + 5 = 0. Let q(k) = k**2 + 6*k + 5. Calculate q(t).
-3
Let j(v) = -v**2 + 5. Suppose 8*y - 72 = 2*y. Suppose -4*q - 8 = f + 3*f, 3*q - y = 3*f. Let i(b) = b**3 + 3*b**2 + 2*b + 6. Let c be i(f). Determine j(c).
5
Let w(h) be the third derivative of -5*h**4/12 + 13*h**3/2 + 4540*h**2 - h. Determine w(3).
9
Let c(d) = 3*d**3 - 32844 - 3*d + 32843 - 2*d**2 - 3*d**2. Calculate c(-3).
-118
Let w(u) = -2*u**2 + 6*u**2 + 1 + 2*u**3 - u**3 + 3*u. Let v(b) = 136*b + 1629. Let o be v(-12). Give w(o).
1
Let p(q) = 58*q + 76. Let y be p(5). Let v = y + -372. Let o(m) = 5*m + 4. Give o(v).
-26
Let i(l) = -5*l**2 - 165*l - 24. Let a(r) = 6*r**2 + 205*r + 26. Let o(t) = -4*a(t) - 5*i(t). Calculate o(-9).
52
Let o = 822 + -713. Let f(q) = -2*q - o + 306 - 102 - 108. Determine f(-5).
-3
Let d(h) = -3*h - 20. Let g(z) = 3*z - 27. Let s be g(7). Let j = s + 2. Let q be d(j). Let n(t) = t**2 + 8*t + 3. Calculate n(q).
3
Let s(d) = -d**3 + 9*d**2 + d - 19. Let n = -3127 + 3136. Give s(n).
-10
Let m(i) = -2*i + 9. Let w be m(6). Let u(a) be the third derivative of a**5/20 - a**4/12 + 2*a**3/3 - 5499*a**2 - 21. Determine u(w).
37
Let r = 9 - 14. Let q(f) be the second derivative of 1/12*f**4 + 7/6*f**3 - 4*f + 3*f**2 - 5. Calculate q(r).
-4
Let i(k) = -31*k - 59. Let b(a) = 32*a + 60. Let y(n) = -5*b(n) - 6*i(n). Let l be y(-2). Let o(m) = -3*m**3 + 4*m**2 - 2*m - 1. Determine o(l).
-13
Let o be 10 - ((-4)/(-3) - (-8)/12). Let b be (45/6)/((-6)/o). Let f 